site number?
True
Is 724931167 prime?
False
Is 2090529271 prime?
False
Is 3151093289 a prime number?
True
Is 446656577 prime?
True
Is 756374041 prime?
False
Is 60157753609 prime?
True
Is 32562603991 prime?
True
Is 3770754353 composite?
True
Is 12151190473 prime?
True
Is 1036575911 a prime number?
False
Is 111597677173 a prime number?
False
Is 13794377273 composite?
True
Is 531822191 a prime number?
False
Is 4049031671 prime?
False
Is 11767052579 composite?
False
Is 49652362993 a prime number?
False
Is 554939293 composite?
True
Is 41361423329 a composite number?
False
Is 399627731 a prime number?
False
Is 33678306617 a prime number?
True
Is 6180547493 composite?
True
Is 212340311 composite?
True
Is 62911087 composite?
True
Is 43254859 a prime number?
True
Is 33731570533 a prime number?
True
Is 694159891 prime?
False
Is 131935157 a prime number?
False
Is 27324434081 a prime number?
False
Is 27470539531 composite?
False
Is 11190791555 a prime number?
False
Is 925329659 composite?
True
Is 204523693 a prime number?
False
Is 12094191371 composite?
False
Is 3236666821 a composite number?
True
Is 16024073893 prime?
False
Is 30535618459 prime?
False
Is 629305661 a composite number?
False
Is 4172290381 composite?
True
Is 1835347051 a prime number?
True
Is 36349715807 prime?
False
Is 1891721431 composite?
False
Is 3486658723 a composite number?
True
Is 7723636747 a composite number?
True
Is 8037948911 a composite number?
False
Is 219344221 composite?
True
Is 109915188973 a prime number?
True
Is 326802318937 a prime number?
True
Is 4128729889 composite?
True
Is 9900996667 composite?
False
Is 1248721631 a composite number?
False
Is 42764555611 prime?
True
Is 155470993 composite?
True
Is 4951219037 a composite number?
False
Is 78000607 prime?
False
Is 1333007971 prime?
False
Is 2665090531 composite?
True
Is 46424922457 a prime number?
False
Is 856250177 a composite number?
True
Is 55311374282 composite?
True
Is 5331869 prime?
True
Is 1481772797 a prime number?
False
Is 902259847 prime?
False
Is 40762274051 composite?
False
Is 5603943661 prime?
False
Is 1910274178 prime?
False
Is 1395708169 composite?
True
Is 1861051849 composite?
False
Is 15261484321 a prime number?
True
Is 1176941041 composite?
True
Is 1610907629 a prime number?
True
Is 12971687323 composite?
True
Is 668029667 composite?
True
Is 252321103 a prime number?
True
Is 1274775811 prime?
False
Is 1630521379 a composite number?
True
Is 1191775163 a prime number?
False
Is 6817756555 composite?
True
Is 223392614381 a prime number?
True
Is 38512506277 prime?
False
Is 100904537 a composite number?
True
Is 8179320481 composite?
True
Is 5335286491 prime?
False
Is 596447317 prime?
False
Is 2715404537 composite?
True
Is 5804645989 a prime number?
False
Is 3412410913 a composite number?
False
Is 38172131 composite?
True
Is 154230337 composite?
False
Is 44198891 a prime number?
False
Is 3306560779 a prime number?
False
Is 33352357027 prime?
False
Is 89318078611 a composite number?
True
Is 299934707 prime?
True
Is 304090301 a composite number?
True
Is 1921376299 prime?
False
Is 394600231 a prime number?
True
Is 117591865421 a composite number?
False
Is 2755498321 a prime number?
True
Is 16867723021 prime?
False
Is 3982578361 a composite number?
True
Is 550231787 prime?
False
Is 4624879783 composite?
False
Is 187007111 a prime number?
True
Is 17387772449 composite?
False
Is 45460607329 prime?
True
Is 240516461 prime?
True
Is 3876384779 prime?
True
Is 5872611683 prime?
False
Is 216676663369 a prime number?
False
Is 336323191 a prime number?
False
Is 355575677 prime?
True
Is 9618111107 prime?
False
Is 1105531571 composite?
True
Is 780716581 a composite number?
True
Is 3711435613 a prime number?
False
Is 23935257089 a composite number?
True
Is 12123119969 prime?
True
Is 117840821233 a prime number?
True
Is 102515421157 composite?
True
Is 7482713483 a composite number?
True
Is 360388047 a composite number?
True
Is 1349763299 a composite number?
False
Is 18760512317 composite?
False
Is 229937041 prime?
False
Is 14066119927 a prime number?
True
Is 411429169 a prime number?
True
Is 7218006173 composite?
True
Is 1200777893 a composite number?
True
Is 1697629181 prime?
True
Is 4850657477 a prime number?
False
Is 11378641 a prime number?
True
Is 71688194957 composite?
False
Is 9091269251 a prime number?
False
Is 21042500603 a composite number?
False
Is 31679987623 composite?
True
Is 38837006101 composite?
False
Is 29330183 a prime number?
True
Is 743696669 a composite number?
True
Is 9221691023 a composite number?
True
Is 102296291 a prime number?
True
Is 32271045563 composite?
False
Is 493052213 prime?
True
Is 164933453 a prime number?
False
Is 4466406289 a prime number?
True
Is 284384549 composite?
True
Is 197221345 a composite number?
True
Is 4027605953 composite?
True
Is 28290119573 a prime number?
False
Is 13829388689 composite?
True
Is 31243527709 prime?
False
Is 14793152251 a composite number?
False
Is 2861188231 prime?
False
Is 52285544681 a prime number?
True
Is 759141499 a prime number?
True
Is 727742473 a composite number?
False
Is 42861697649 composite?
False
Is 3145142815 composite?
True
Is 59890916221 a composite number?
False
Is 133475343 prime?
False
Is 31390726421 prime?
False
Is 926329487 composite?
False
Is 309975239 a composite number?
True
Is 1353655679 composite?
True
Is 172972309 composite?
False
Is 54026769389 a composite number?
False
Is 1432265881 a composite number?
False
Is 80967577 composite?
False
Is 10884697211 composite?
False
Is 1242616919 composite?
True
Is 117553153 a prime number?
False
Is 7001090269 a prime number?
False
Is 333242229 a prime number?
False
Is 19086534479 a composite number?
False
Is 375456547 a composite number?
True
Is 2954099767 prime?
True
Is 87349433 prime?
True
Is 13687004563 a composite number?
False
Is 3776990047 a prime number?
False
Is 75315328757 composite?
False
Is 2757717023 prime?
True
Is 980370203 a prime number?
False
Is 24419851693 composite?
False
Is 1342637003 prime?
False
Is 6028955573 prime?
True
Is 1142878549 prime?
False
Is 78749453227 composite?
False
Is 1107674329 prime?
True
Is 7344871657 composite?
True
Is 4191288089 a prime number?
True
Is 17188158101 prime?
False
Is 7227045511 composite?
True
Is 210300443 composite?
True
Is 178103158 prime?
False
Is 13461611329 composite?
True
Is 1510222981 prime?
True
Is 12036619213 composite?
True
Is 107478446281 a prime number?
False
Is 19279055779 composite?
False
Is 157623145061 a prime number?
True
Is 4575947 a prime number?
True
Is 2737394801 prime?
True
Is 6757591097 a composite number?
False
Is 6429850717 composite?
False
Is 18694031501 composite?
False
Is 1011122621 a composite number?
False
Is 63016988649 a composite number?
True
Is 64579149923 composite?
True
Is 3221088359 composite?
False
Is 59797363 prime?
True
Is 279773933 prime?
False
Is 31848827 a composite number?
False
Is 8595001981 a composite number?
True
Is 1094438305 a prime number?
False
Is 1440836281 prime?
False
Is 9472722449 prime?
True
Is 475586633 a composite number?
False
Is 6817562837 a composite number?
False
Is 328338460703 a composite number?
True
Is 5276441 a composite number?
False
Is 6114897683 composite?
False
Is 384619415531 a prime number?
False
Is 48498859951 a composite number?
False
Is 124642579 a prime number?
False
Is 214948559921 a prime number?
False
Is 180765503 prime?
False
Is 547380079 a composite number?
True
Is 35969994047 prime?
False
Is 3296763881 a composite number?
False
Is 4402848941 prime?
False
Is 87365991833 a composite number?
True
Is 9170680579 prime?
False
Is 18492225163 a composite number?
True
Is 644561887 a prime number?
True
Is 1257229387 a composite number?
True
Is 134031107011 a composite number?
True
Is 1000136521 prime?
False
Is 16612562023 composite?
True
Is 279902629 composite?
False
Is 3116691209 composite?
True
Is 526969529 prime?
True
Is 39519342103 composite?
False
Is 5608813703 a composite number?
True
Is 1605132413 prime?
True
Is 94500352946 a prime number?
False
Is 1158204979 composite?
True
Is 352562323 composite?
True
Is 48602194469 prime?
False
Is 763974343 a prime number?
False
Is 1032809521 prime?
True
Is 5957130493 composite?
False
Is 143421948431 a composite number?
